ided by 208606?
24
Calculate the remainder when 288844 is divided by 8454.
1408
Calculate the remainder when 44525 is divided by 63.
47
What is the remainder when 18025 is divided by 17297?
728
Calculate the remainder when 394240 is divided by 196735.
770
What is the remainder when 34769877 is divided by 289?
287
Calculate the remainder when 286872 is divided by 3977.
528
Calculate the remainder when 4665080 is divided by 622.
80
What is the remainder when 1683235 is divided by 1660?
1655
What is the remainder when 419151670 is divided by 162?
160
What is the remainder when 17210 is divided by 1767?
1307
Calculate the remainder when 94622358 is divided by 43.
41
What is the remainder when 243652091 is divided by 82?
79
Calculate the remainder when 11260442 is divided by 13.
11
Calculate the remainder when 10948247 is divided by 2189648.
7
What is the remainder when 2396332 is divided by 22?
4
Calculate the remainder when 95680830 is divided by 5315601.
12
What is the remainder when 34451628 is divided by 218?
216
Calculate the remainder when 175845 is divided by 556.
149
Calculate the remainder when 393413 is divided by 1811.
426
Calculate the remainder when 10228011 is divided by 331.
111
Calculate the remainder when 735449 is divided by 195.
104
What is the remainder when 107637 is divided by 107602?
35
Calculate the remainder when 20404 is divided by 1057.
321
Calculate the remainder when 35934 is divided by 461.
437
What is the remainder when 180101 is divided by 25717?
82
Calculate the remainder when 14324791 is divided by 4294.
7
Calculate the remainder when 37903 is divided by 122.
83
What is the remainder when 15146891 is divided by 10?
1
Calculate the remainder when 478616497 is divided by 26.
21
What is the remainder when 2158801 is divided by 47?
44
Calculate the remainder when 6858 is divided by 1073.
420
What is the remainder when 390652 is divided by 1139?
1114
Calculate the remainder when 804056 is divided by 1123.
1111
What is the remainder when 3661883 is divided by 50?
33
Calculate the remainder when 992198 is divided by 230.
208
Calculate the remainder when 235131 is divided by 276.
255
Calculate the remainder when 1327280660 is divided by 17.
16
Calculate the remainder when 67007609 is divided by 186.
179
What is the remainder when 22091 is divided by 2388?
599
Calculate the remainder when 440839621 is divided by 4557.
4555
Calculate the remainder when 3356977 is divided by 17.
4
Calculate the remainder when 1326604 is divided by 331641.
40
Calculate the remainder when 976374 is divided by 180.
54
What is the remainder when 22700986 is divided by 4030?
4026
Calculate the remainder when 17238 is divided by 7830.
1578
What is the remainder when 24437486 is divided by 2343?
2339
Calculate the remainder when 19917 is divided by 909.
828
Calculate the remainder when 11225232 is divided by 2806295.
52
Calculate the remainder when 489648 is divided by 719.
9
What is the remainder when 4119676 is divided by 302?
94
What is the remainder when 611001 is divided by 203604?
189
Calculate the remainder when 3114118 is divided by 1555684.
2750
Calculate the remainder when 659255 is divided by 6161.
28
Calculate the remainder when 3855205 is divided by 161.
60
What is the remainder when 127024 is divided by 41513?
2485
Calculate the remainder when 8194171 is divided by 1400.
1371
What is the remainder when 3219410 is divided by 883?
875
What is the remainder when 4519634 is divided by 621?
617
What is the remainder when 67560343 is divided by 4005?
4003
What is the remainder when 258816 is divided by 6895?
3701
Calculate the remainder when 1659615 is divided by 276601.
9
Calculate the remainder when 498872 is divided by 734.
486
Calculate the remainder when 4582866 is divided by 1191.
1089
What is the remainder when 10767 is divided by 1194?
21
What is the remainder when 11453 is divided by 11240?
213
Calculate the remainder when 21206541 is divided by 10603250.
41
Calculate the remainder when 393803 is divided by 73.
41
What is the remainder when 22924363 is divided by 7531?
7530
Calculate the remainder when 246978 is divided by 41076.
522
Calculate the remainder when 2414279 is divided by 113.
34
What is the remainder when 40625947 is divided by 9?
1
What is the remainder when 1410427 is divided by 16789?
151
What is the remainder when 8076032 is divided by 71?
66
Calculate the remainder when 370142 is divided by 1150.
992
Calculate the remainder when 48581824 is divided by 462684.
4
What is the remainder when 65735471 is divided by 438?
431
Calculate the remainder when 7295183 is divided by 2862.
2807
What is the remainder when 29848831 is divided by 585271?
10
Calculate the remainder when 4662221 is divided by 145668.
845
Calculate the remainder when 102013 is divided by 33966.
115
What is the remainder when 12710771 is divided by 1065?
1061
Calculate the remainder when 102011 is divided by 2914.
21
Calculate the remainder when 4625662 is divided by 55.
52
Calculate the remainder when 180854568 is divided by 66.
48
Calculate the remainder when 13519485 is divided by 37.
18
Calculate the remainder when 25300580 is divided by 260.
240
What is the remainder when 194210 is divided by 64655?
245
What is the remainder when 26975146 is divided by 19?
10
What is the remainder when 355854453 is divided by 333?
330
What is the remainder when 51880498 is divided by 252?
250
What is the remainder when 451936986 is divided by 9?
6
What is the remainder when 48197619 is divided by 3675?
3669
Calculate the remainder when 88437441 is divided by 887.
880
Calculate the remainder when 2719037 is divided by 116.
113
Calculate the remainder when 4968963 is divided by 285.
273
What is the remainder when 260167 is divided by 3088?
775
What is the remainder when 37353 is divided by 4162?
4057
Calculate the remainder when 1267001 is divided by 7.
1
Calculate the remainder when 3661835247 is divided by 75.
72
Calculate the remainder when 344055 is divided by 135.
75
What is the remainder when 60898813 is divided by 30449401?
11
What is the remainder when 768831942 is divided by 21?
18
What is the remainder when 3862950 is divided by 757?
736
Calculate the remainder when 41125038 is divided by 1496.
1494
What is the remainder when 275161 is divided by 54965?
336
What is the remainder when 13909355 is divided by 12?
11
Calculate the remainder when 3934363 is divided by 39343.
63
Calculate the remainder when 603040 is divided by 100506.
4
What is the remainder when 1839570 is divided by 37541?
61
Calculate the remainder when 135619004 is divided by 26.
14
Calculate the remainder when 1082634 is divided by 429.
267
Calculate the remainder when 1547126 is divided by 13.
9
What is the remainder when 455006446 is divided by 39?
37
Calculate the remainder when 137674 is divided by 137168.
506
What is the remainder when 8757031 is divided by 363?
19
What is the remainder when 23993727 is divided by 2181244?
43
What is the remainder when 47574447 is divided by 462?
459
Calculate the remainder when 105338769 is divided by 13202.
11
What is the remainder when 445961 is divided by 777?
740
Calculate the remainder when 999079 is divided by 671.
631
Calculate the remainder when 4823478 is divided by 2411292.
894
What is the remainder when 1242665 is divided by 414018?
611
What is the remainder when 22734926 is divided by 52?
6
What is the remainder when 29931813 is divided by 250?
63
What is the remainder when 1067422 is divided by 390?
382
Calculate the remainder when 14629381 is divided by 256.
5
What is the remainder when 8726010 is divided by 1483?
38
Calculate the remainder when 110072 is divided by 27499.
76
Calculate the remainder when 1981031 is divided by 3500.
31
Calculate the remainder when 3990575 is divided by 5077.
53
What is the remainder when 14993195 is divided by 54?
41
What is the remainder when 6313062 is divided by 21?
0
What is the remainder when 26962248 is divided by 5643?
5637
Calculate the remainder when 21303724 is divided by 4260741.
19
Calculate the remainder when 7707380 is divided by 187.
175
What is the remainder when 2754412 is divided by 917980?
472
Calculate the remainder when 201545 is divided by 106.
39
What is the remainder when 421